52 and 201134.
38
What is the greatest common divisor of 276 and 174501?
69
Calculate the highest common divisor of 196 and 505337.
49
Calculate the highest common divisor of 46057 and 9328.
583
Calculate the greatest common divisor of 80692 and 4.
4
What is the greatest common factor of 53540 and 460?
20
What is the highest common divisor of 2160 and 9288?
216
Calculate the highest common factor of 21659 and 8413.
179
Calculate the highest common divisor of 16225 and 29875.
25
Calculate the greatest common divisor of 97 and 134.
1
Calculate the highest common factor of 513 and 118161.
171
What is the highest common factor of 4912 and 36226?
614
What is the greatest common divisor of 15690 and 30?
30
Calculate the highest common factor of 33900 and 856540.
2260
What is the highest common divisor of 844 and 652?
4
Calculate the greatest common factor of 282472 and 3752.
536
What is the highest common factor of 121 and 803?
11
Calculate the greatest common factor of 2525 and 707.
101
Calculate the highest common factor of 367 and 3303.
367
Calculate the highest common divisor of 826636 and 1316.
188
Calculate the greatest common factor of 112 and 980048.
16
Calculate the highest common divisor of 1560 and 706875.
195
Calculate the highest common factor of 21574714 and 7.
7
Calculate the greatest common divisor of 8340 and 615.
15
Calculate the greatest common divisor of 220909 and 39.
13
What is the highest common divisor of 20512 and 3205?
641
Calculate the highest common divisor of 6182 and 2530.
22
What is the greatest common divisor of 2522 and 11446?
194
Calculate the greatest common factor of 130 and 989495.
65
Calculate the highest common factor of 162 and 115911.
81
Calculate the greatest common factor of 178904 and 616.
88
What is the greatest common divisor of 34 and 3898831?
17
Calculate the greatest common factor of 861 and 35.
7
Calculate the greatest common divisor of 7650 and 22032.
306
Calculate the highest common factor of 1408 and 18689.
11
Calculate the greatest common factor of 142857 and 891.
297
What is the greatest common factor of 485240 and 175?
35
What is the highest common factor of 355 and 263765?
355
Calculate the greatest common divisor of 5696 and 4450.
178
Calculate the greatest common divisor of 517 and 799.
47
What is the highest common factor of 423169 and 592?
37
Calculate the highest common factor of 2916 and 11421.
243
What is the highest common factor of 38924 and 18500?
148
What is the greatest common divisor of 4850 and 33690?
10
Calculate the greatest common divisor of 5022 and 1188.
54
What is the greatest common divisor of 616 and 14644?
28
What is the highest common factor of 146 and 89717?
73
Calculate the greatest common divisor of 60726 and 348.
174
What is the greatest common divisor of 16 and 107420?
4
What is the greatest common factor of 161043 and 3?
3
What is the highest common factor of 432567 and 9?
9
What is the highest common divisor of 291307 and 62?
31
Calculate the highest common factor of 594 and 94182.
66
Calculate the greatest common divisor of 2232 and 720.
72
What is the highest common factor of 10 and 47050?
10
Calculate the greatest common divisor of 257745 and 15.
15
Calculate the highest common divisor of 66731 and 42.
7
Calculate the greatest common divisor of 96 and 207096.
24
What is the greatest common factor of 6714176 and 1176?
392
What is the highest common factor of 24710 and 2240?
70
What is the greatest common divisor of 38573 and 17?
17
What is the greatest common factor of 21984 and 23358?
1374
Calculate the greatest common factor of 35587 and 19.
19
What is the highest common divisor of 63385 and 15?
5
Calculate the highest common divisor of 170 and 127415.
85
What is the highest common divisor of 1095 and 160235?
365
Calculate the highest common factor of 28 and 5458096.
28
What is the greatest common divisor of 13086 and 504?
18
Calculate the greatest common factor of 27545 and 10.
5
What is the highest common divisor of 72 and 299142?
18
Calculate the highest common factor of 110381 and 1161.
43
What is the highest common factor of 102236 and 5368?
244
What is the greatest common factor of 196 and 1776887?
49
What is the highest common factor of 153144 and 1809?
27
Calculate the greatest common factor of 3757 and 8021.
13
Calculate the greatest common factor of 410 and 21238.
82
What is the highest common factor of 22 and 25364?
2
What is the highest common divisor of 11092 and 2256?
188
Calculate the highest common divisor of 15792 and 288.
48
What is the highest common divisor of 360 and 23922?
18
Calculate the greatest common divisor of 425 and 33275.
25
Calculate the highest common factor of 553 and 2723.
7
What is the greatest common factor of 444012 and 454?
454
What is the highest common factor of 32 and 293792?
32
What is the greatest common factor of 1488 and 941532?
372
What is the highest common factor of 353746 and 1162?
166
Calculate the highest common divisor of 194733 and 49.
7
Calculate the highest common factor of 57 and 154451.
19
What is the highest common factor of 3576 and 368?
8
What is the highest common divisor of 450 and 12573?
9
What is the highest common factor of 17493 and 3?
3
Calculate the highest common factor of 9018 and 594.
54
Calculate the highest common divisor of 67600 and 8750.
50
Calculate the highest common divisor of 2824 and 44125.
353
What is the highest common factor of 187308 and 72?
36
Calculate the greatest common divisor of 185 and 30044.
37
What is the greatest common divisor of 2396997 and 9?
9
Calculate the greatest common divisor of 46 and 93679.
23
What is the greatest common factor of 173206 and 44?
22
Calculate the highest common divisor of 2988 and 750.
6
What is the highest common divisor of 2183 and 2301?
59
Calculate the greatest common divisor of 5208 and 252.
84
What is the greatest common factor of 3056 and 1146?
382
Calculate the greatest common divisor of 1350 and 121850.
50
What is the greatest common factor of 219 and 55261?
73
What is the greatest common divisor of 5321472 and 492?
492
Calculate the highest common divisor of 74660 and 520.
20
Calculate the highest common factor of 12616 and 1079.
83
Calculate the greatest common divisor of 241 and 19.
1
Calculate the greatest common divisor of 1442 and 70.
14
Calculate the greatest common divisor of 45504 and 91956.
948
What is the highest common divisor of 1050 and 462100?
50
What is the greatest common divisor of 331980 and 88?
44
What is the greatest common divisor of 34390 and 1970?
10
Calculate the highest common divisor of 56 and 24878.
14
Calculate the highest common divisor of 72808 and 872.
8
Calculate the highest common factor of 35712 and 360.
72
What is the greatest common factor of 195 and 90285?
195
Calculate the highest common divisor of 1118 and 65494.
26
What is the greatest common divisor of 2908269 and 2067?
2067
What is the highest common divisor of 1809 and 173463?
201
What is the highest common factor of 24687857 and 181?
181
Calculate the highest common factor of 4031 and 957.
29
Calculate the highest common factor of 88100 and 400.
100
What is the highest common factor of 192 and 2316?
12
What is the greatest common divisor of 836 and 181906?
38
Calculate the highest common divisor of 20403 and 27.
9
What is the highest common divisor of 5796 and 33534?
414
Calculate the highest common factor of 1900 and 7840.
20
Calculate the greatest common factor of 337414 and 784.
98
What is the highest common divisor of 94 and 142?
2
What is the greatest common divisor of 244 and 14748092?
244
Calculate the highest common divisor of 792 and 9306.
198
What is the highest common divisor of 27135 and 136890?
405
Calculate the greatest common factor of 425201 and 4669.
161
Calculate the greatest common factor of 202230 and 28.
14
What is the greatest common divisor of 15 and 11784765?
15
Calculate the greatest common divisor of 10332 and 205.
41
Calculate the highest common factor of 3221868 and 1976.
988
What is the highest common divisor of 111 and 178599?
111
What is the highest common factor of 12207 and 351?
39
What is the highest common divisor of 538 and 69133?
269
Calculate the highest common divisor of 171545 and 220.
55
Wh